{"id":316,"date":"2023-02-13T20:14:43","date_gmt":"2023-02-13T18:14:43","guid":{"rendered":"https:\/\/xtime-event.de\/service\/?page_id=316"},"modified":"2023-02-22T22:58:39","modified_gmt":"2023-02-22T20:58:39","slug":"gebiete","status":"publish","type":"page","link":"https:\/\/xtime-event.de\/service\/gebiete\/","title":{"rendered":"Gebiete"},"content":{"rendered":"\n<div class=\"section-wrapper\" data-id=\"0xMmj4\"><section class=\"wp-block-gutenverse-section guten-element guten-section guten-0xMmj4 layout-boxed align-stretch\"><div class=\"guten-background-overlay\"><\/div><div class=\"guten-shape-divider guten-shape-divider-top\"><\/div><div class=\"guten-shape-divider guten-shape-divider-bottom\"><\/div><div class=\"guten-container guten-column-gap-default\">\n<div class=\"wp-block-gutenverse-column guten-element guten-column guten-JYItSA\"><div class=\"guten-background-overlay\"><\/div><div class=\"sticky-wrapper\" data-id=\"JYItSA\"><div class=\"guten-column-wrapper\">\n<div class=\"section-wrapper\" data-id=\"2vPIkr\"><section class=\"wp-block-gutenverse-section guten-element guten-section guten-2vPIkr layout-boxed align-stretch\"><div class=\"guten-background-overlay\"><\/div><div class=\"guten-shape-divider guten-shape-divider-top\"><\/div><div class=\"guten-shape-divider guten-shape-divider-bottom\"><\/div><div class=\"guten-container guten-column-gap-no\">\n<div class=\"wp-block-gutenverse-column guten-element guten-column guten-UNqA2e\"><div class=\"guten-background-overlay\"><\/div><div class=\"sticky-wrapper\" data-id=\"UNqA2e\"><div class=\"guten-column-wrapper\">\n<div class=\"guten-element guten-advanced-heading guten-h2bOdg animated guten-element-hide desktop-fadeInLeft\"><div class=\"heading-section \"><div class=\"heading-line before\"><\/div><h2 class=\"heading-title\">Wo sie uns finden<span class=\"heading-focus\"><\/span><\/h2><\/div><span class=\"heading-subtitle\">In diesen Regionen profitieren sie von unseren leistungen<\/span><\/div>\n<\/div><\/div><\/div>\n\n\n\n<div class=\"wp-block-gutenverse-column guten-element guten-column guten-P6UnbT hide-mobile\"><div class=\"guten-background-overlay\"><\/div><div class=\"sticky-wrapper\" data-id=\"P6UnbT\"><div class=\"guten-column-wrapper\"><\/div><\/div><\/div>\n<\/div><\/section><\/div>\n\n\n\n<div class=\"section-wrapper\" data-id=\"2tdPSp\"><section class=\"wp-block-gutenverse-section guten-element guten-section guten-2tdPSp layout-boxed align-stretch\"><div class=\"guten-background-overlay\"><\/div><div class=\"guten-shape-divider guten-shape-divider-top\"><\/div><div class=\"guten-shape-divider guten-shape-divider-bottom\"><\/div><div class=\"guten-container guten-column-gap-no\">\n<div class=\"wp-block-gutenverse-column guten-element guten-column guten-kcvFCs\"><div class=\"guten-background-overlay\"><\/div><div class=\"sticky-wrapper\" data-id=\"kcvFCs\"><div class=\"guten-column-wrapper\">\n<div class=\"guten-element guten-ScoKgT animated guten-element-hide desktop-fadeInUp guten-icon-box icon-position-undefined\"><div class=\"guten-icon-box-wrapper hover-from-left\"><div class=\"icon-box icon-box-header\"><div class=\"icon style-color\"><img decoding=\"async\" src=\"https:\/\/xtime-event.de\/service\/wp-content\/uploads\/2023\/02\/gebiet_eifel.jpg\"\/><\/div><\/div><div class=\"icon-box icon-box-body\"><h3 class=\"title\">Eifel<\/h3><p class=\"icon-box-description\">Bitburg, Trier, Wittlich &#8211; sch\u00f6ne kleine St\u00e4dte zum Wohlf\u00fchlen mit der gewissen Note von Gem\u00fctlichkeit.<\/p><\/div><\/div><\/div>\n<\/div><\/div><\/div>\n\n\n\n<div class=\"wp-block-gutenverse-column guten-element guten-column guten-QNXeT8 animated guten-element-hide desktop-fadeInUp\"><div class=\"guten-background-overlay\"><\/div><div class=\"sticky-wrapper\" data-id=\"QNXeT8\"><div class=\"guten-column-wrapper\">\n<div class=\"guten-element guten-QDOrez guten-icon-box icon-position-undefined\"><div class=\"guten-icon-box-wrapper hover-from-left\"><div class=\"icon-box icon-box-header\"><div class=\"icon style-color\"><img decoding=\"async\" src=\"https:\/\/xtime-event.de\/service\/wp-content\/uploads\/2023\/02\/gebiet_suedbayern.jpg\"\/><\/div><\/div><div class=\"icon-box icon-box-body\"><h3 class=\"title\">S\u00fcdbayern inkl. Raum M\u00fcnchen<\/h3><p class=\"icon-box-description\">Das Zentrum von Bayern &#8211; mit wundersch\u00f6nen Landschaften und der Landeshauptstadt ein sch\u00f6ner Ort f\u00fcr Ihr Event.<\/p><\/div><\/div><\/div>\n<\/div><\/div><\/div>\n\n\n\n<div class=\"wp-block-gutenverse-column guten-element guten-column guten-EJrIPk\"><div class=\"guten-background-overlay\"><\/div><div class=\"sticky-wrapper\" data-id=\"EJrIPk\"><div class=\"guten-column-wrapper\">\n<div class=\"guten-element guten-M5k1eR animated guten-element-hide desktop-fadeInUp guten-icon-box icon-position-undefined\"><div class=\"guten-icon-box-wrapper hover-from-left\"><div class=\"icon-box icon-box-header\"><div class=\"icon style-color\"><img decoding=\"async\" src=\"https:\/\/xtime-event.de\/service\/wp-content\/uploads\/2023\/02\/gebiet_rheinland.jpg\"\/><\/div><\/div><div class=\"icon-box icon-box-body\"><h3 class=\"title\">Rheinland<\/h3><p class=\"icon-box-description\">Die ehemalige preu\u00dfische Rheinprovinz bietet viele M\u00f6glichkeiten zum Feiern &#8211; nicht nur beim K\u00f6lner Karneval.<\/p><\/div><\/div><\/div>\n<\/div><\/div><\/div>\n<\/div><\/section><\/div>\n\n\n\n<div class=\"section-wrapper\" data-id=\"B6kidw\"><section class=\"wp-block-gutenverse-section guten-element guten-section guten-B6kidw layout-boxed align-stretch\"><div class=\"guten-background-overlay\"><\/div><div class=\"guten-shape-divider guten-shape-divider-top\"><\/div><div class=\"guten-shape-divider guten-shape-divider-bottom\"><\/div><div class=\"guten-container guten-column-gap-no\">\n<div class=\"wp-block-gutenverse-column guten-element guten-column guten-QoUh0Q\"><div class=\"guten-background-overlay\"><\/div><div class=\"sticky-wrapper\" data-id=\"QoUh0Q\"><div class=\"guten-column-wrapper\">\n<div class=\"guten-element guten-OQNpDS animated guten-element-hide desktop-fadeInUp guten-icon-box icon-position-undefined\"><div class=\"guten-icon-box-wrapper hover-from-left\"><div class=\"icon-box icon-box-header\"><div class=\"icon style-color\"><img decoding=\"async\" src=\"https:\/\/xtime-event.de\/service\/wp-content\/uploads\/2023\/02\/gebiet_ruhrgebiet.jpg\"\/><\/div><\/div><div class=\"icon-box icon-box-body\"><h3 class=\"title\">Ruhrgebiet<\/h3><p class=\"icon-box-description\">In der gr\u00f6\u00dften Metropolregion Deutschlands l\u00e4sst es sich leben. Hier ist f\u00fcr jeden Geschmack etwas dabei.<\/p><\/div><\/div><\/div>\n<\/div><\/div><\/div>\n\n\n\n<div class=\"wp-block-gutenverse-column guten-element guten-column guten-PQV5DZ\"><div class=\"guten-background-overlay\"><\/div><div class=\"sticky-wrapper\" data-id=\"PQV5DZ\"><div class=\"guten-column-wrapper\">\n<div class=\"guten-element guten-TQByUv animated guten-element-hide desktop-fadeInUp guten-icon-box icon-position-undefined\"><div class=\"guten-icon-box-wrapper hover-from-left\"><div class=\"icon-box icon-box-header\"><div class=\"icon style-color\"><img decoding=\"async\" src=\"https:\/\/xtime-event.de\/service\/wp-content\/uploads\/2023\/02\/gebiet_baden.jpg\"\/><\/div><\/div><div class=\"icon-box icon-box-body\"><h3 class=\"title\">Baden-W\u00fcrttemberg<\/h3><p class=\"icon-box-description\">Das Bundesland mit den meisten Sonnenstunden Deutschlands, gen\u00fcsslichen Weinen und Geselligkeit.<\/p><\/div><\/div><\/div>\n<\/div><\/div><\/div>\n\n\n\n<div class=\"wp-block-gutenverse-column guten-element guten-column guten-ZtyTR2\"><div class=\"guten-background-overlay\"><\/div><div class=\"sticky-wrapper\" data-id=\"ZtyTR2\"><div class=\"guten-column-wrapper\">\n<div class=\"guten-element guten-aAEOZW animated guten-element-hide desktop-fadeInUp guten-icon-box icon-position-undefined\"><div class=\"guten-icon-box-wrapper hover-from-left\"><div class=\"icon-box icon-box-header\"><div class=\"icon style-color\"><img decoding=\"async\" src=\"https:\/\/xtime-event.de\/service\/wp-content\/uploads\/2023\/02\/gebiet_westfalen.jpg\"\/><\/div><\/div><div class=\"icon-box icon-box-body\"><h3 class=\"title\">Westfalen<\/h3><p class=\"icon-box-description\">Sauerland, weite Weiden, viele Wasserschl\u00f6sser und das M\u00fcnsterland lassen sich sehen, f\u00fcr Romantiker perfekt.<\/p><\/div><\/div><\/div>\n<\/div><\/div><\/div>\n<\/div><\/section><\/div>\n<\/div><\/div><\/div>\n<\/div><\/section><\/div>\n","protected":false},"excerpt":{"rendered":"","protected":false},"author":1,"featured_media":0,"parent":0,"menu_order":0,"comment_status":"closed","ping_status":"closed","template":"","meta":{"_eb_attr":"","footnotes":""},"class_list":["post-316","page","type-page","status-publish","hentry"],"yoast_head":"<!-- This site is optimized with the Yoast SEO plugin v25.6 - https:\/\/yoast.com\/wordpress\/plugins\/seo\/ -->\n<title>Gebiete -<\/title>\n<meta name=\"robots\" content=\"index, follow, max-snippet:-1, max-image-preview:large, max-video-preview:-1\" \/>\n<link rel=\"canonical\" href=\"https:\/\/xtime-event.de\/service\/gebiete\/\" \/>\n<meta property=\"og:locale\" content=\"de_DE\" \/>\n<meta property=\"og:type\" content=\"article\" \/>\n<meta property=\"og:title\" content=\"Gebiete -\" \/>\n<meta property=\"og:url\" content=\"https:\/\/xtime-event.de\/service\/gebiete\/\" \/>\n<meta property=\"article:publisher\" content=\"https:\/\/www.facebook.com\/xtimeevent22\" \/>\n<meta property=\"article:modified_time\" content=\"2023-02-22T20:58:39+00:00\" \/>\n<meta property=\"og:image\" content=\"https:\/\/xtime-event.de\/service\/wp-content\/uploads\/2023\/02\/gebiet_eifel.jpg\" \/>\n<meta name=\"twitter:card\" content=\"summary_large_image\" \/>\n<meta name=\"twitter:label1\" content=\"Gesch\u00e4tzte Lesezeit\" \/>\n\t<meta name=\"twitter:data1\" content=\"2\u00a0Minuten\" \/>\n<script type=\"application\/ld+json\" class=\"yoast-schema-graph\">{\"@context\":\"https:\/\/schema.org\",\"@graph\":[{\"@type\":\"WebPage\",\"@id\":\"https:\/\/xtime-event.de\/service\/gebiete\/\",\"url\":\"https:\/\/xtime-event.de\/service\/gebiete\/\",\"name\":\"Gebiete -\",\"isPartOf\":{\"@id\":\"https:\/\/xtime-event.de\/service\/#website\"},\"primaryImageOfPage\":{\"@id\":\"https:\/\/xtime-event.de\/service\/gebiete\/#primaryimage\"},\"image\":{\"@id\":\"https:\/\/xtime-event.de\/service\/gebiete\/#primaryimage\"},\"thumbnailUrl\":\"https:\/\/xtime-event.de\/service\/wp-content\/uploads\/2023\/02\/gebiet_eifel.jpg\",\"datePublished\":\"2023-02-13T18:14:43+00:00\",\"dateModified\":\"2023-02-22T20:58:39+00:00\",\"breadcrumb\":{\"@id\":\"https:\/\/xtime-event.de\/service\/gebiete\/#breadcrumb\"},\"inLanguage\":\"de\",\"potentialAction\":[{\"@type\":\"ReadAction\",\"target\":[\"https:\/\/xtime-event.de\/service\/gebiete\/\"]}]},{\"@type\":\"ImageObject\",\"inLanguage\":\"de\",\"@id\":\"https:\/\/xtime-event.de\/service\/gebiete\/#primaryimage\",\"url\":\"https:\/\/xtime-event.de\/service\/wp-content\/uploads\/2023\/02\/gebiet_eifel.jpg\",\"contentUrl\":\"https:\/\/xtime-event.de\/service\/wp-content\/uploads\/2023\/02\/gebiet_eifel.jpg\",\"width\":640,\"height\":360},{\"@type\":\"BreadcrumbList\",\"@id\":\"https:\/\/xtime-event.de\/service\/gebiete\/#breadcrumb\",\"itemListElement\":[{\"@type\":\"ListItem\",\"position\":1,\"name\":\"Startseite\",\"item\":\"https:\/\/xtime-event.de\/service\/\"},{\"@type\":\"ListItem\",\"position\":2,\"name\":\"Gebiete\"}]},{\"@type\":\"WebSite\",\"@id\":\"https:\/\/xtime-event.de\/service\/#website\",\"url\":\"https:\/\/xtime-event.de\/service\/\",\"name\":\"X-Time Eventservice\",\"description\":\"Sie feiern, wir liefern!\",\"publisher\":{\"@id\":\"https:\/\/xtime-event.de\/service\/#organization\"},\"potentialAction\":[{\"@type\":\"SearchAction\",\"target\":{\"@type\":\"EntryPoint\",\"urlTemplate\":\"https:\/\/xtime-event.de\/service\/?s={search_term_string}\"},\"query-input\":{\"@type\":\"PropertyValueSpecification\",\"valueRequired\":true,\"valueName\":\"search_term_string\"}}],\"inLanguage\":\"de\"},{\"@type\":\"Organization\",\"@id\":\"https:\/\/xtime-event.de\/service\/#organization\",\"name\":\"X-Time Eventservice\",\"url\":\"https:\/\/xtime-event.de\/service\/\",\"logo\":{\"@type\":\"ImageObject\",\"inLanguage\":\"de\",\"@id\":\"https:\/\/xtime-event.de\/service\/#\/schema\/logo\/image\/\",\"url\":\"https:\/\/xtime-event.de\/service\/wp-content\/uploads\/2023\/02\/IconV1.png\",\"contentUrl\":\"https:\/\/xtime-event.de\/service\/wp-content\/uploads\/2023\/02\/IconV1.png\",\"width\":64,\"height\":64,\"caption\":\"X-Time Eventservice\"},\"image\":{\"@id\":\"https:\/\/xtime-event.de\/service\/#\/schema\/logo\/image\/\"},\"sameAs\":[\"https:\/\/www.facebook.com\/xtimeevent22\"]}]}<\/script>\n<!-- \/ Yoast SEO plugin. -->","yoast_head_json":{"title":"Gebiete -","robots":{"index":"index","follow":"follow","max-snippet":"max-snippet:-1","max-image-preview":"max-image-preview:large","max-video-preview":"max-video-preview:-1"},"canonical":"https:\/\/xtime-event.de\/service\/gebiete\/","og_locale":"de_DE","og_type":"article","og_title":"Gebiete -","og_url":"https:\/\/xtime-event.de\/service\/gebiete\/","article_publisher":"https:\/\/www.facebook.com\/xtimeevent22","article_modified_time":"2023-02-22T20:58:39+00:00","og_image":[{"url":"https:\/\/xtime-event.de\/service\/wp-content\/uploads\/2023\/02\/gebiet_eifel.jpg","type":"","width":"","height":""}],"twitter_card":"summary_large_image","twitter_misc":{"Gesch\u00e4tzte Lesezeit":"2\u00a0Minuten"},"schema":{"@context":"https:\/\/schema.org","@graph":[{"@type":"WebPage","@id":"https:\/\/xtime-event.de\/service\/gebiete\/","url":"https:\/\/xtime-event.de\/service\/gebiete\/","name":"Gebiete -","isPartOf":{"@id":"https:\/\/xtime-event.de\/service\/#website"},"primaryImageOfPage":{"@id":"https:\/\/xtime-event.de\/service\/gebiete\/#primaryimage"},"image":{"@id":"https:\/\/xtime-event.de\/service\/gebiete\/#primaryimage"},"thumbnailUrl":"https:\/\/xtime-event.de\/service\/wp-content\/uploads\/2023\/02\/gebiet_eifel.jpg","datePublished":"2023-02-13T18:14:43+00:00","dateModified":"2023-02-22T20:58:39+00:00","breadcrumb":{"@id":"https:\/\/xtime-event.de\/service\/gebiete\/#breadcrumb"},"inLanguage":"de","potentialAction":[{"@type":"ReadAction","target":["https:\/\/xtime-event.de\/service\/gebiete\/"]}]},{"@type":"ImageObject","inLanguage":"de","@id":"https:\/\/xtime-event.de\/service\/gebiete\/#primaryimage","url":"https:\/\/xtime-event.de\/service\/wp-content\/uploads\/2023\/02\/gebiet_eifel.jpg","contentUrl":"https:\/\/xtime-event.de\/service\/wp-content\/uploads\/2023\/02\/gebiet_eifel.jpg","width":640,"height":360},{"@type":"BreadcrumbList","@id":"https:\/\/xtime-event.de\/service\/gebiete\/#breadcrumb","itemListElement":[{"@type":"ListItem","position":1,"name":"Startseite","item":"https:\/\/xtime-event.de\/service\/"},{"@type":"ListItem","position":2,"name":"Gebiete"}]},{"@type":"WebSite","@id":"https:\/\/xtime-event.de\/service\/#website","url":"https:\/\/xtime-event.de\/service\/","name":"X-Time Eventservice","description":"Sie feiern, wir liefern!","publisher":{"@id":"https:\/\/xtime-event.de\/service\/#organization"},"potentialAction":[{"@type":"SearchAction","target":{"@type":"EntryPoint","urlTemplate":"https:\/\/xtime-event.de\/service\/?s={search_term_string}"},"query-input":{"@type":"PropertyValueSpecification","valueRequired":true,"valueName":"search_term_string"}}],"inLanguage":"de"},{"@type":"Organization","@id":"https:\/\/xtime-event.de\/service\/#organization","name":"X-Time Eventservice","url":"https:\/\/xtime-event.de\/service\/","logo":{"@type":"ImageObject","inLanguage":"de","@id":"https:\/\/xtime-event.de\/service\/#\/schema\/logo\/image\/","url":"https:\/\/xtime-event.de\/service\/wp-content\/uploads\/2023\/02\/IconV1.png","contentUrl":"https:\/\/xtime-event.de\/service\/wp-content\/uploads\/2023\/02\/IconV1.png","width":64,"height":64,"caption":"X-Time Eventservice"},"image":{"@id":"https:\/\/xtime-event.de\/service\/#\/schema\/logo\/image\/"},"sameAs":["https:\/\/www.facebook.com\/xtimeevent22"]}]}},"_links":{"self":[{"href":"https:\/\/xtime-event.de\/service\/wp-json\/wp\/v2\/pages\/316"}],"collection":[{"href":"https:\/\/xtime-event.de\/service\/wp-json\/wp\/v2\/pages"}],"about":[{"href":"https:\/\/xtime-event.de\/service\/wp-json\/wp\/v2\/types\/page"}],"author":[{"embeddable":true,"href":"https:\/\/xtime-event.de\/service\/wp-json\/wp\/v2\/users\/1"}],"replies":[{"embeddable":true,"href":"https:\/\/xtime-event.de\/service\/wp-json\/wp\/v2\/comments?post=316"}],"version-history":[{"count":17,"href":"https:\/\/xtime-event.de\/service\/wp-json\/wp\/v2\/pages\/316\/revisions"}],"predecessor-version":[{"id":389,"href":"https:\/\/xtime-event.de\/service\/wp-json\/wp\/v2\/pages\/316\/revisions\/389"}],"wp:attachment":[{"href":"https:\/\/xtime-event.de\/service\/wp-json\/wp\/v2\/media?parent=316"}],"curies":[{"name":"wp","href":"https:\/\/api.w.org\/{rel}","templated":true}]}}